{"id":2741,"date":"2019-11-27T21:29:28","date_gmt":"2019-11-27T20:29:28","guid":{"rendered":"https:\/\/farnostlipany.sk\/?page_id=2741"},"modified":"2019-11-27T21:29:51","modified_gmt":"2019-11-27T20:29:51","slug":"postenie","status":"publish","type":"page","link":"https:\/\/farnostlipany.sk\/?page_id=2741","title":{"rendered":"Postenie"},"content":{"rendered":"\t\t<div data-elementor-type=\"wp-post\" data-elementor-id=\"2741\" class=\"elementor elementor-2741\">\n\t\t\t\t\t\t<section class=\"elementor-section elementor-top-section elementor-element elementor-element-8715a0b elementor-section-boxed elementor-section-height-default elementor-section-height-default\" data-id=\"8715a0b\" data-element_type=\"section\">\n\t\t\t\t\t\t<div class=\"elementor-container elementor-column-gap-default\">\n\t\t\t\t\t<div class=\"elementor-column elementor-col-100 elementor-top-column elementor-element elementor-element-db4d907\" data-id=\"db4d907\" data-element_type=\"column\">\n\t\t\t<div class=\"elementor-widget-wrap elementor-element-populated\">\n\t\t\t\t\t\t<div class=\"elementor-element elementor-element-efd7076 elementor-widget elementor-widget-image\" data-id=\"efd7076\" data-element_type=\"widget\" data-widget_type=\"image.default\">\n\t\t\t\t<div class=\"elementor-widget-container\">\n\t\t\t\t\t\t\t\t\t\t\t\t\t\t\t<img fetchpriority=\"high\" decoding=\"async\" width=\"800\" height=\"445\" src=\"https:\/\/farnostlipany.sk\/wp-content\/uploads\/2019\/11\/post.jpeg\" class=\"attachment-large size-large wp-image-2743\" alt=\"\" srcset=\"https:\/\/farnostlipany.sk\/wp-content\/uploads\/2019\/11\/post.jpeg 800w, https:\/\/farnostlipany.sk\/wp-content\/uploads\/2019\/11\/post-300x167.jpeg 300w, https:\/\/farnostlipany.sk\/wp-content\/uploads\/2019\/11\/post-768x427.jpeg 768w\" sizes=\"(max-width: 800px) 100vw, 800px\" \/>\t\t\t\t\t\t\t\t\t\t\t\t\t\t\t<\/div>\n\t\t\t\t<\/div>\n\t\t\t\t\t<\/div>\n\t\t<\/div>\n\t\t\t\t\t<\/div>\n\t\t<\/section>\n\t\t\t\t<section class=\"elementor-section elementor-top-section elementor-element elementor-element-7d7823e elementor-section-boxed elementor-section-height-default elementor-section-height-default\" data-id=\"7d7823e\" data-element_type=\"section\">\n\t\t\t\t\t\t<div class=\"elementor-container elementor-column-gap-default\">\n\t\t\t\t\t<div class=\"elementor-column elementor-col-100 elementor-top-column elementor-element elementor-element-8155792\" data-id=\"8155792\" data-element_type=\"column\">\n\t\t\t<div class=\"elementor-widget-wrap elementor-element-populated\">\n\t\t\t\t\t\t<div class=\"elementor-element elementor-element-8cf5fee elementor-widget elementor-widget-text-editor\" data-id=\"8cf5fee\" data-element_type=\"widget\" data-widget_type=\"text-editor.default\">\n\t\t\t\t<div class=\"elementor-widget-container\">\n\t\t\t\t\t\t\t\t\t<h2 style=\"text-align: center;\">Dni pok\u00e1nia<\/h2><h4 style=\"text-align: center;\">(z K\u00f3dexu k\u00e1nonick\u00e9ho pr\u00e1va &#8211; Cirkevn\u00fd z\u00e1kon)<\/h4><p><b>K\u00e1n. 1249<\/b>\u00a0&#8211; V\u0161etci veriaci, ka\u017ed\u00fd svoj\u00edm sp\u00f4sobom, s\u00fa z bo\u017esk\u00e9ho z\u00e1kona povinn\u00ed kona\u0165 pok\u00e1nie; aby sa v\u0161ak v\u0161etci medzi sebou spojili v istom spolo\u010dnom konan\u00ed pok\u00e1nia, predpisuj\u00fa sa dni pok\u00e1nia, v ktor\u00fdch sa veriaci maj\u00fa zvl\u00e1\u0161tnym sp\u00f4sobom venova\u0165 modlitbe, kona\u0165 skutky n\u00e1bo\u017enosti a dobro\u010dinnej l\u00e1sky, maj\u00fa sa zapiera\u0165 vernej\u0161\u00edm plnen\u00edm svojich povinnost\u00ed a najm\u00e4 zachov\u00e1van\u00edm p\u00f4stu a zdr\u017eiavania sa m\u00e4sa pod\u013ea normy nasleduj\u00facich k\u00e1nonov.<br \/><b>K\u00e1n. 1250<\/b>\u00a0&#8211; Dni a obdobia pok\u00e1nia v celej Cirkvi s\u00fa jednotliv\u00e9 piatky cel\u00e9ho roka a p\u00f4stne obdobie.<br \/><b>K\u00e1n. 1251<\/b>\u00a0&#8211; Zdr\u017eiavanie sa jedenia m\u00e4sa alebo in\u00e9ho pokrmu pod\u013ea predpisov Konferencie biskupov sa m\u00e1 zachov\u00e1va\u0165 ka\u017ed\u00fd piatok roka, ak nepripad\u00e1 na\u0148 niektor\u00fd de\u0148, uveden\u00fd medzi sl\u00e1vnos\u0165ami; av\u0161ak zdr\u017eiavanie sa m\u00e4sa a p\u00f4st sa m\u00e1 zachov\u00e1va\u0165 na Popolcov\u00fa stredu a v Piatok umu\u010denia a smrti n\u00e1\u0161ho P\u00e1na Je\u017ei\u0161a Krista.<br \/><b>K\u00e1n. 1252<\/b>\u00a0&#8211; Z\u00e1kon zdr\u017eiavania sa m\u00e4sa zav\u00e4zuje t\u00fdch, ktor\u00ed dov\u0155\u0161ili \u0161trn\u00e1sty rok \u017eivota; z\u00e1kon p\u00f4stu v\u0161ak zav\u00e4zuje v\u0161etk\u00fdch plnolet\u00fdch a\u017e do za\u010datia \u0161es\u0165desiateho roka \u017eivota. Duchovn\u00ed pastieri a rodi\u010dia sa v\u0161ak maj\u00fa stara\u0165, aby aj t\u00ed, ktor\u00ed pre maloletos\u0165 nie s\u00fa viazan\u00ed z\u00e1konom p\u00f4stu a zdr\u017eiavania sa m\u00e4sa, boli vychov\u00e1van\u00ed k prav\u00e9mu zmyslu pok\u00e1nia.<br \/><b>K\u00e1n. 1253\u00a0<\/b>&#8211; Konferencia biskupov m\u00f4\u017ee bli\u017e\u0161ie vymedzi\u0165 zachov\u00e1vanie p\u00f4stu a zdr\u017eiavania sa m\u00e4sa, ako aj \u00faplne alebo \u010diasto\u010dne zameni\u0165 p\u00f4st a zdr\u017eiavanie sa m\u00e4sa za in\u00e9 formy pok\u00e1nia, najm\u00e4 za skutky dobro\u010dinnej l\u00e1sky a cvi\u010denia n\u00e1bo\u017enosti.<\/p><p><b>K\u00e1n. 97<\/b>\u00a0&#8211; \u00a7 1. Osoba, ktor\u00e1 dov\u0155\u0161ila osemn\u00e1sty rok \u017eivota, je plnolet\u00e1; ak tento vek nedov\u0155\u0161ila, je malolet\u00e1.<\/p><h2 style=\"text-align: center;\">P\u00f4stna discipl\u00edna<\/h2><h4 style=\"text-align: center;\">(schv\u00e1len\u00e1 na 8. zasadan\u00ed Konferencie biskupov \u010cSFR v Brne d\u0148a 20. janu\u00e1ra 1992 pre v\u0161etky diec\u00e9zy)<\/h4><p><em>\u00a7 1:<\/em>\u00a0<em>Popolcov\u00e1 streda a Ve\u013ek\u00fd piatok s\u00fa d\u0148ami zdr\u017eiavania sa m\u00e4sit\u00fdch pokrmov a p\u00f4stu.<br \/>\u00a7 2: V\u0161etky piatky v roku s\u00fa d\u0148ami pok\u00e1nia. Veriaci v tieto dni konaj\u00fa pok\u00e1nie\u00a0<u>niektor\u00fdm<\/u>\u00a0z nasleduj\u00facich sp\u00f4sobov:<br \/>(1) zdr\u017eovanie sa m\u00e4sit\u00e9ho pokrmu<br \/>(2) skutok n\u00e1bo\u017enosti: \u00fa\u010das\u0165 na sv\u00e4tej om\u0161i alebo kr\u00ed\u017eov\u00e1 cesta alebo bolestn\u00fd ru\u017eenec<\/em><br \/><em>(3) \u010d\u00edtanie Sv\u00e4t\u00e9ho p\u00edsma trvaj\u00face aspo\u0148 10 min\u00fat<br \/>(4) skutok l\u00e1sky bl\u00ed\u017enemu: n\u00e1v\u0161teva chor\u00e9ho s konkr\u00e9tnym prejavom pomoci alebo n\u00e1v\u0161teva cintor\u00edna spojen\u00e1 s modlitbou za zosnul\u00fdch alebo hmotn\u00e1 pomoc chudobn\u00fdm \u010di viacdetn\u00fdm rodin\u00e1m a pod.,<br \/>(5) zrieknutie sa sledovania telev\u00edznych programov (okrem spr\u00e1v) alebo faj\u010denia alebo alkoholick\u00fdch n\u00e1pojov alebo in\u00e9 sebazaprenie<\/em><\/p><p>\u00a0<\/p>\t\t\t\t\t\t\t\t<\/div>\n\t\t\t\t<\/div>\n\t\t\t\t\t<\/div>\n\t\t<\/div>\n\t\t\t\t\t<\/div>\n\t\t<\/section>\n\t\t\t\t<\/div>\n\t\t","protected":false},"excerpt":{"rendered":"<p>Dni pok\u00e1nia (z K\u00f3dexu k\u00e1nonick\u00e9ho pr\u00e1va &#8211; Cirkevn\u00fd z\u00e1kon) K\u00e1n. 1249\u00a0&#8211; V\u0161etci veriaci, ka\u017ed\u00fd svoj\u00edm sp\u00f4sobom, s\u00fa z bo\u017esk\u00e9ho z\u00e1kona povinn\u00ed kona\u0165 pok\u00e1nie; aby sa v\u0161ak v\u0161etci medzi sebou spojili v istom spolo\u010dnom konan\u00ed pok\u00e1nia, predpisuj\u00fa sa dni pok\u00e1nia, v<\/p>\n","protected":false},"author":3,"featured_media":0,"parent":0,"menu_order":0,"comment_status":"closed","ping_status":"closed","template":"","meta":{"_monsterinsights_skip_tracking":false,"_monsterinsights_sitenote_active":false,"_monsterinsights_sitenote_note":"","_monsterinsights_sitenote_category":0,"footnotes":""},"class_list":["post-2741","page","type-page","status-publish","hentry"],"_links":{"self":[{"href":"https:\/\/farnostlipany.sk\/index.php?rest_route=\/wp\/v2\/pages\/2741","targetHints":{"allow":["GET"]}}],"collection":[{"href":"https:\/\/farnostlipany.sk\/index.php?rest_route=\/wp\/v2\/pages"}],"about":[{"href":"https:\/\/farnostlipany.sk\/index.php?rest_route=\/wp\/v2\/types\/page"}],"author":[{"embeddable":true,"href":"https:\/\/farnostlipany.sk\/index.php?rest_route=\/wp\/v2\/users\/3"}],"replies":[{"embeddable":true,"href":"https:\/\/farnostlipany.sk\/index.php?rest_route=%2Fwp%2Fv2%2Fcomments&post=2741"}],"version-history":[{"count":3,"href":"https:\/\/farnostlipany.sk\/index.php?rest_route=\/wp\/v2\/pages\/2741\/revisions"}],"predecessor-version":[{"id":2746,"href":"https:\/\/farnostlipany.sk\/index.php?rest_route=\/wp\/v2\/pages\/2741\/revisions\/2746"}],"wp:attachment":[{"href":"https:\/\/farnostlipany.sk\/index.php?rest_route=%2Fwp%2Fv2%2Fmedia&parent=2741"}],"curies":[{"name":"wp","href":"https:\/\/api.w.org\/{rel}","templated":true}]}}