{"id":32,"date":"2019-06-14T17:14:23","date_gmt":"2019-06-14T15:14:23","guid":{"rendered":"http:\/\/farnostlipany.sk\/?page_id=32"},"modified":"2019-06-24T23:20:17","modified_gmt":"2019-06-24T21:20:17","slug":"pomazanie-chorych","status":"publish","type":"page","link":"https:\/\/farnostlipany.sk\/?page_id=32","title":{"rendered":"SVIATOSTN\u00c9 POMAZANIE"},"content":{"rendered":"\t\t<div data-elementor-type=\"wp-post\" data-elementor-id=\"32\" class=\"elementor elementor-32\">\n\t\t\t\t\t\t<section class=\"elementor-section elementor-top-section elementor-element elementor-element-62b6d5a elementor-section-boxed elementor-section-height-default elementor-section-height-default\" data-id=\"62b6d5a\" data-element_type=\"section\">\n\t\t\t\t\t\t<div class=\"elementor-container elementor-column-gap-default\">\n\t\t\t\t\t<div class=\"elementor-column elementor-col-100 elementor-top-column elementor-element elementor-element-736599b\" data-id=\"736599b\" data-element_type=\"column\">\n\t\t\t<div class=\"elementor-widget-wrap elementor-element-populated\">\n\t\t\t\t\t\t<div class=\"elementor-element elementor-element-806f227 elementor-widget elementor-widget-image\" data-id=\"806f227\" data-element_type=\"widget\" data-widget_type=\"image.default\">\n\t\t\t\t<div class=\"elementor-widget-container\">\n\t\t\t\t\t\t\t\t\t\t\t\t\t\t\t<img fetchpriority=\"high\" decoding=\"async\" width=\"261\" height=\"300\" src=\"https:\/\/farnostlipany.sk\/wp-content\/uploads\/2019\/06\/image_gallery-261x300.jpg\" class=\"attachment-medium size-medium wp-image-543\" alt=\"\" srcset=\"https:\/\/farnostlipany.sk\/wp-content\/uploads\/2019\/06\/image_gallery-261x300.jpg 261w, https:\/\/farnostlipany.sk\/wp-content\/uploads\/2019\/06\/image_gallery.jpg 379w\" sizes=\"(max-width: 261px) 100vw, 261px\" \/>\t\t\t\t\t\t\t\t\t\t\t\t\t\t\t<\/div>\n\t\t\t\t<\/div>\n\t\t\t\t\t<\/div>\n\t\t<\/div>\n\t\t\t\t\t<\/div>\n\t\t<\/section>\n\t\t\t\t<section class=\"elementor-section elementor-top-section elementor-element elementor-element-4203be7 elementor-section-boxed elementor-section-height-default elementor-section-height-default\" data-id=\"4203be7\" data-element_type=\"section\">\n\t\t\t\t\t\t<div class=\"elementor-container elementor-column-gap-default\">\n\t\t\t\t\t<div class=\"elementor-column elementor-col-100 elementor-top-column elementor-element elementor-element-1c3bba1\" data-id=\"1c3bba1\" data-element_type=\"column\">\n\t\t\t<div class=\"elementor-widget-wrap elementor-element-populated\">\n\t\t\t\t\t\t<div class=\"elementor-element elementor-element-9052244 elementor-widget-divider--view-line elementor-widget elementor-widget-divider\" data-id=\"9052244\" data-element_type=\"widget\" data-widget_type=\"divider.default\">\n\t\t\t\t<div class=\"elementor-widget-container\">\n\t\t\t\t\t\t\t<div class=\"elementor-divider\">\n\t\t\t<span class=\"elementor-divider-separator\">\n\t\t\t\t\t\t<\/span>\n\t\t<\/div>\n\t\t\t\t\t\t<\/div>\n\t\t\t\t<\/div>\n\t\t\t\t\t<\/div>\n\t\t<\/div>\n\t\t\t\t\t<\/div>\n\t\t<\/section>\n\t\t\t\t<section class=\"elementor-section elementor-top-section elementor-element elementor-element-4590a3f elementor-section-boxed elementor-section-height-default elementor-section-height-default\" data-id=\"4590a3f\" data-element_type=\"section\">\n\t\t\t\t\t\t<div class=\"elementor-container elementor-column-gap-default\">\n\t\t\t\t\t<div class=\"elementor-column elementor-col-100 elementor-top-column elementor-element elementor-element-fb69574\" data-id=\"fb69574\" data-element_type=\"column\">\n\t\t\t<div class=\"elementor-widget-wrap elementor-element-populated\">\n\t\t\t\t\t\t<div class=\"elementor-element elementor-element-9537109 elementor-widget elementor-widget-text-editor\" data-id=\"9537109\" data-element_type=\"widget\" data-widget_type=\"text-editor.default\">\n\t\t\t\t<div class=\"elementor-widget-container\">\n\t\t\t\t\t\t\t\t\t<p>\u201ePosv\u00e4tn\u00fdm pomazan\u00edm chor\u00fdch a modlitbou k\u0148azov cel\u00e1 Cirkev odpor\u00fa\u010da chor\u00fdch trpiacemu a osl\u00e1ven\u00e9mu P\u00e1novi, aby im u\u013eavil a ich spasil, ba povzbudzuje ich, aby sa dobrovo\u013ene spojili s Kristov\u00fdm utrpen\u00edm a jeho smr\u0165ou, a tak prispeli k dobru Bo\u017eieho \u013eudu.\u201c (KKC 1499)<\/p>\t\t\t\t\t\t\t\t<\/div>\n\t\t\t\t<\/div>\n\t\t\t\t\t<\/div>\n\t\t<\/div>\n\t\t\t\t\t<\/div>\n\t\t<\/section>\n\t\t\t\t<section class=\"elementor-section elementor-top-section elementor-element elementor-element-cc67747 elementor-section-boxed elementor-section-height-default elementor-section-height-default\" data-id=\"cc67747\" data-element_type=\"section\">\n\t\t\t\t\t\t<div class=\"elementor-container elementor-column-gap-default\">\n\t\t\t\t\t<div class=\"elementor-column elementor-col-100 elementor-top-column elementor-element elementor-element-65aa82c\" data-id=\"65aa82c\" data-element_type=\"column\">\n\t\t\t<div class=\"elementor-widget-wrap elementor-element-populated\">\n\t\t\t\t\t\t<div class=\"elementor-element elementor-element-11be3d7 elementor-widget elementor-widget-text-editor\" data-id=\"11be3d7\" data-element_type=\"widget\" data-widget_type=\"text-editor.default\">\n\t\t\t\t<div class=\"elementor-widget-container\">\n\t\t\t\t\t\t\t\t\t<h3>Zaopatrovanie<\/h3><p><strong>Ka\u017ed\u00fd prv\u00fd piatok v mesiaci chod\u00edme spoveda\u0165 a rozd\u00e1vame sv. prij\u00edmanie chor\u00fdm. V pr\u00edpade z\u00e1ujmu nech n\u00e1s kontaktuje (telefonicky, osobne) doty\u010dn\u00fd, alebo jeho pr\u00edbuzn\u00fd. Ak u\u017e chor\u00e9ho m\u00e1me nahl\u00e1sen\u00e9ho a viete \u017ee v ten de\u0148 nebude doma, pros\u00edm takisto n\u00e1m dajte vedie\u0165.<\/strong><\/p>\t\t\t\t\t\t\t\t<\/div>\n\t\t\t\t<\/div>\n\t\t\t\t\t<\/div>\n\t\t<\/div>\n\t\t\t\t\t<\/div>\n\t\t<\/section>\n\t\t\t\t<section class=\"elementor-section elementor-top-section elementor-element elementor-element-ae8c8f9 elementor-section-boxed elementor-section-height-default elementor-section-height-default\" data-id=\"ae8c8f9\" data-element_type=\"section\">\n\t\t\t\t\t\t<div class=\"elementor-container elementor-column-gap-default\">\n\t\t\t\t\t<div class=\"elementor-column elementor-col-100 elementor-top-column elementor-element elementor-element-761c195\" data-id=\"761c195\" data-element_type=\"column\">\n\t\t\t<div class=\"elementor-widget-wrap elementor-element-populated\">\n\t\t\t\t\t\t<div class=\"elementor-element elementor-element-d47a641 elementor-widget elementor-widget-text-editor\" data-id=\"d47a641\" data-element_type=\"widget\" data-widget_type=\"text-editor.default\">\n\t\t\t\t<div class=\"elementor-widget-container\">\n\t\t\t\t\t\t\t\t\t<h3>V pr\u00edpade nebezpe\u010denstva bl\u00edzkej smrti:<\/h3><p>Nech n\u00e1s pr\u00edbuzn\u00ed \u010d\u00edm sk\u00f4r kontaktuj\u00fa. Sviatosti u\u017e nemo\u017eno vysl\u00fa\u017ei\u0165 m\u0155tvej osobe.<\/p>\t\t\t\t\t\t\t\t<\/div>\n\t\t\t\t<\/div>\n\t\t\t\t\t<\/div>\n\t\t<\/div>\n\t\t\t\t\t<\/div>\n\t\t<\/section>\n\t\t\t\t<section class=\"elementor-section elementor-top-section elementor-element elementor-element-048c24a elementor-section-boxed elementor-section-height-default elementor-section-height-default\" data-id=\"048c24a\" data-element_type=\"section\">\n\t\t\t\t\t\t<div class=\"elementor-container elementor-column-gap-default\">\n\t\t\t\t\t<div class=\"elementor-column elementor-col-100 elementor-top-column elementor-element elementor-element-851bedf\" data-id=\"851bedf\" data-element_type=\"column\">\n\t\t\t<div class=\"elementor-widget-wrap elementor-element-populated\">\n\t\t\t\t\t\t<div class=\"elementor-element elementor-element-abbcd45 elementor-widget elementor-widget-text-editor\" data-id=\"abbcd45\" data-element_type=\"widget\" data-widget_type=\"text-editor.default\">\n\t\t\t\t<div class=\"elementor-widget-container\">\n\t\t\t\t\t\t\t\t\t<p><strong>Kto m\u00f4\u017ee prija\u0165 sviatos\u0165 pomazania chor\u00fdch:<\/strong><\/p><ul><li>pokrsten\u00fd veriaci, ktor\u00fd sa po dosiahnut\u00ed pou\u017e\u00edvania rozumu (nad 7 rokov \u017eivota) za\u010d\u00edna pre chorobu alebo starobu ocita\u0165 v nebezpe\u010denstve<\/li><li>ak sa jeho zdravotn\u00fd stav nezhor\u0161il vysluhuje sa iba raz do roka, v opa\u010dnom pr\u00edpade sviatos\u0165 m\u00f4\u017ee prija\u0165 aj \u010dastej\u0161ie<\/li><li>\u010dlovek v bezvedom\u00ed, ktor\u00ed si to predpokladane \u017eel\u00e1<\/li><li>kto nezotrv\u00e1va tvrdo\u0161ijne v \u0165a\u017ekom hriechu<\/li><\/ul>\t\t\t\t\t\t\t\t<\/div>\n\t\t\t\t<\/div>\n\t\t\t\t\t<\/div>\n\t\t<\/div>\n\t\t\t\t\t<\/div>\n\t\t<\/section>\n\t\t\t\t<\/div>\n\t\t","protected":false},"excerpt":{"rendered":"<p>\u201ePosv\u00e4tn\u00fdm pomazan\u00edm chor\u00fdch a modlitbou k\u0148azov cel\u00e1 Cirkev odpor\u00fa\u010da chor\u00fdch trpiacemu a osl\u00e1ven\u00e9mu P\u00e1novi, aby im u\u013eavil a ich spasil, ba povzbudzuje ich, aby sa dobrovo\u013ene spojili s Kristov\u00fdm utrpen\u00edm a jeho smr\u0165ou, a tak prispeli k dobru Bo\u017eieho \u013eudu.\u201c<\/p>\n","protected":false},"author":1,"featured_media":0,"parent":0,"menu_order":0,"comment_status":"closed","ping_status":"closed","template":"","meta":{"_monsterinsights_skip_tracking":false,"_monsterinsights_sitenote_active":false,"_monsterinsights_sitenote_note":"","_monsterinsights_sitenote_category":0,"footnotes":""},"class_list":["post-32","page","type-page","status-publish","hentry"],"_links":{"self":[{"href":"https:\/\/farnostlipany.sk\/index.php?rest_route=\/wp\/v2\/pages\/32","targetHints":{"allow":["GET"]}}],"collection":[{"href":"https:\/\/farnostlipany.sk\/index.php?rest_route=\/wp\/v2\/pages"}],"about":[{"href":"https:\/\/farnostlipany.sk\/index.php?rest_route=\/wp\/v2\/types\/page"}],"author":[{"embeddable":true,"href":"https:\/\/farnostlipany.sk\/index.php?rest_route=\/wp\/v2\/users\/1"}],"replies":[{"embeddable":true,"href":"https:\/\/farnostlipany.sk\/index.php?rest_route=%2Fwp%2Fv2%2Fcomments&post=32"}],"version-history":[{"count":2,"href":"https:\/\/farnostlipany.sk\/index.php?rest_route=\/wp\/v2\/pages\/32\/revisions"}],"predecessor-version":[{"id":545,"href":"https:\/\/farnostlipany.sk\/index.php?rest_route=\/wp\/v2\/pages\/32\/revisions\/545"}],"wp:attachment":[{"href":"https:\/\/farnostlipany.sk\/index.php?rest_route=%2Fwp%2Fv2%2Fmedia&parent=32"}],"curies":[{"name":"wp","href":"https:\/\/api.w.org\/{rel}","templated":true}]}}